e hundreds digit of 12763198?
1
What is the units digit of 1826619?
9
What is the tens digit of 20419964?
6
What is the units digit of 161631?
1
What is the tens digit of 9569?
6
What is the hundreds digit of 362731?
7
What is the thousands digit of 1033278?
3
What is the hundred thousands digit of 547535?
5
What is the hundreds digit of 1372270?
2
What is the ten thousands digit of 321306?
2
What is the thousands digit of 456296?
6
What is the hundred thousands digit of 412392?
4
What is the hundreds digit of 1831954?
9
What is the units digit of 2254121?
1
What is the tens digit of 22708418?
1
What is the ten thousands digit of 8495820?
9
What is the hundreds digit of 182538?
5
What is the tens digit of 86509?
0
What is the hundred thousands digit of 15297496?
2
What is the units digit of 7460666?
6
What is the tens digit of 2371256?
5
What is the ten thousands digit of 2793120?
9
What is the thousands digit of 1927786?
7
What is the hundreds digit of 19399804?
8
What is the thousands digit of 40438?
0
What is the hundreds digit of 1590951?
9
What is the thousands digit of 14684?
4
What is the thousands digit of 187972?
7
What is the units digit of 2804580?
0
What is the ten thousands digit of 20154052?
5
What is the units digit of 736702?
2
What is the hundreds digit of 250206?
2
What is the tens digit of 123251?
5
What is the hundreds digit of 2048711?
7
What is the thousands digit of 184600?
4
What is the units digit of 813312?
2
What is the ten thousands digit of 106761?
0
What is the tens digit of 299903?
0
What is the thousands digit of 164742?
4
What is the hundred thousands digit of 520569?
5
What is the hundreds digit of 4369683?
6
What is the hundred thousands digit of 9847716?
8
What is the hundreds digit of 1687745?
7
What is the thousands digit of 20266439?
6
What is the tens digit of 269971?
7
What is the units digit of 12081?
1
What is the units digit of 20321?
1
What is the hundred thousands digit of 2284808?
2
What is the tens digit of 35735?
3
What is the units digit of 655405?
5
What is the units digit of 570967?
7
What is the hundred thousands digit of 1180394?
1
What is the thousands digit of 71018?
1
What is the units digit of 205589?
9
What is the ten thousands digit of 457079?
5
What is the millions digit of 4241965?
4
What is the tens digit of 200689?
8
What is the ten thousands digit of 784391?
8
What is the hundreds digit of 2827761?
7
What is the millions digit of 3227677?
3
What is the units digit of 40597035?
5
What is the millions digit of 6307791?
6
What is the tens digit of 170124?
2
What is the ten thousands digit of 957830?
5
What is the thousands digit of 640199?
0
What is the ten millions digit of 19591568?
1
What is the hundred thousands digit of 11149441?
1
What is the tens digit of 2325274?
7
What is the units digit of 176152?
2
What is the units digit of 167307?
7
What is the ten thousands digit of 10091234?
9
What is the ten thousands digit of 392802?
9
What is the millions digit of 3701695?
3
What is the tens digit of 63707?
0
What is the hundred thousands digit of 6780660?
7
What is the hundred thousands digit of 9436937?
4
What is the millions digit of 1820600?
1
What is the hundreds digit of 307185?
1
What is the ten thousands digit of 12391568?
9
What is the hundreds digit of 14127569?
5
What is the units digit of 476170?
0
What is the ten thousands digit of 12690885?
9
What is the ten millions digit of 24142493?
2
What is the tens digit of 521077?
7
What is the tens digit of 1672241?
4
What is the millions digit of 16205073?
6
What is the units digit of 1554451?
1
What is the ten thousands digit of 254804?
5
What is the ten thousands digit of 684707?
8
What is the tens digit of 871368?
6
What is the ten thousands digit of 7242483?
4
What is the thousands digit of 5410660?
0
What is the thousands digit of 339017?
9
What is the ten thousands digit of 5044764?
4
What is the units digit of 2335085?
5
What is the millions digit of 7635866?
7
What is the tens digit of 9358579?
7
What is the thousands digit of 2281670?
1
What is the ten thousands digit of 97484?
9
What is the ten thousands digit of 561711?
6
What is the thousands digit of 639697?
9
What is the ten thousands digit of 1620360?
2
What is the hundred thousands digit of 218138?
2
What is the ten millions digit of 21212895?
2
What is the millions digit of 18657888?
8
What is the ten thousands digit of 601032?
0
What is the hundreds digit of 253544?
5
What is the hundreds digit of 306643?
6
What is the units digit of 7869519?
9
What is the millions digit of 21743888?
1
What is the thousands digit of 163800?
3
What is the units digit of 785400?
0
What is the ten thousands digit of 1306038?
0
What is the tens digit of 1932608?
0
What is the ten thousands digit of 1097355?
9
What is the hundred thousands digit of 412914?
4
What is the hundreds digit of 44579?
5
What is the units digit of 1965403?
3
What is the hundreds digit of 266467?
4
What is the tens digit of 302683?
8
What is the units digit of 27357375?
5
What is the hundreds digit of 26309000?
0
What is the units digit of 233952?
2
What is the hundreds digit of 295294?
2
What is the units digit of 1550532?
2
What is the millions digit of 1097072?
1
What is the units digit of 177761?
1
What is the hundreds digit of 1072323?
3
What is the hundred thousands digit of 731079?
7
What is the tens digit of 4686706?
0
What is the thousands digit of 2037844?
7
What is the tens digit of 786102?
0
What is the units digit of 534801?
1
What is the hundred thousands digit of 130746?
1
What is the units digit of 7613723?
3
What is the hundred thousands digit of 2993554?
9
What is the hundreds digit of 4693898?
8
What is the hundreds digit of 8758533?
5
What is the hundreds digit of 633149?
1
What is the hundred thousands digit of 609973?
6
What is the ten thousands digit of 44552?
4
What is the millions digit of 1369123?
1
What is the units digit of 1362236?
6
What is the ten thousands digit of 3271183?
7
What is the units digit of 158223?
3
What is the hundreds digit of 5660476?
4
What is the hundreds digit of 503366?
3
What is the hundreds digit of 2294874?
8
What is the units digit of 775077?
7
What is the hundreds digit of 1307508?
5
What is the units digit of 109159?
9
What is the ten thousands digit of 220460?
2
What is the hundred thousands digit of 947158?
9
What is the tens digit of 196513?
1
What is the ten thousands digit of 6761586?
6
What is the tens digit of 2665694?
9
What is the hundreds digit of 120?
1
What is the units digit of 152130?
0
What is the units digit of 136824?
4
What is the millions digit of 7208593?
7
What is the units digit of 11620734?
4
What is the millions digit of 1291255?
1
What is the hundreds digit of 631270?
2
What is the units digit of 3069722?
2
What is the ten thousands digit of 20564?
2
What is the ten thousands digit of 66799?
6
What is the hundreds digit of 4104?
1
What is the ten thousands digit of 670344?
7
What is the ten thousands digit of 186633?
8
What is the hundreds digit of 185891?
8
What is the units digit of 31168354?
4
What is the thousands digit of 1368206?
8
What is the tens digit of 4647604?
0
What is the hundreds digit of 493113?
1
What is the units digit of 564194?
4
What is the units digit of 141808?
8
What is the hundreds digit of 248495?
4
What is the hundred thousands digit of 3163037?
1
What is the thousands digit of 88381?
8
What is the units digit of 586251?
1
What is the tens digit of 235372?
7
What is the millions digit of 1204831?
1
What is the hundreds digit of 2006649?
6
What is the units digit of 4763485?
5
What is the millions digit of 6558802?
6
What is the hundreds digit of 317183?
1
What is the tens digit of 2484236?
3
What is the hundreds digit of 173767?
7
What is the hundred thousands digit of 19305337?
3
What is the tens digit of 9791039?
3
What is the hundred thousands digit of 6597300?
5
What is the hundred thousands digit of 12281881?
2
What is the tens digit of 3474132?
3
What is the tens digit of 3390194?
9
What is the thousands digit of 165904?
5
What is the thousands digit of 322958?
2
What is the units digit of 256618?
8
What is the hundreds digit of 121302?
3
What is the hundreds digit of 7553411?
4
What is